 -1377 + -1?
-1378
In base 12, what is 3b - 10?
2b
In base 10, what is 18 - -15?
33
In base 6, what is -154 - -2143?
1545
In base 4, what is 213110 - -1?
213111
In base 16, what is 5 - -257?
25c
In base 14, what is -2 + 244?
242
In base 8, what is -4 + -430?
-434
In base 13, what is b - -14?
22
In base 12, what is 296 + 1?
297
In base 3, what is -11201 - 21121?
-110022
In base 11, what is -4 - 1a8?
-201
In base 11, what is 3 + -4206?
-4203
In base 14, what is -1 + -22?
-23
In base 12, what is -1 + -507?
-508
In base 10, what is -2 + -1555?
-1557
In base 10, what is -1539 + -1?
-1540
In base 7, what is 4 + -130?
-123
In base 3, what is -10 + 112212?
112202
In base 15, what is 92 - -4?
96
In base 6, what is 0 + -35?
-35
In base 2, what is 110 - 11000?
-10010
In base 16, what is 73 + -5?
6e
In base 7, what is -4 - 2432?
-2436
In base 15, what is 5 - -19?
1e
In base 6, what is -54 - 33?
-131
In base 4, what is -331231 + 0?
-331231
In base 9, what is -741 + -5?
-746
In base 10, what is -3 - 17?
-20
In base 16, what is 4 + 40?
44
In base 8, what is 23105 - 3?
23102
In base 9, what is -410 + -5?
-415
In base 9, what is -1503 + -4?
-1507
In base 8, what is -4 - 47?
-53
In base 8, what is 3 - -2?
5
In base 2, what is 1001111 + 11001000?
100010111
In base 16, what is 4f4a - 1?
4f49
In base 15, what is -cc + -5?
-d2
In base 13, what is 2 + 4b?
50
In base 16, what is aa + -2?
a8
In base 12, what is 3220 + -5?
3217
In base 4, what is -1322 + -2?
-1330
In base 16, what is -3a - -34?
-6
In base 15, what is 10 + -4?
b
In base 6, what is -51 + -20?
-111
In base 10, what is -503 - -1?
-502
In base 12, what is -4 + -398?
-3a0
In base 13, what is 4 + -1437?
-1433
In base 9, what is 1 - 110?
-108
In base 6, what is -12 - 131?
-143
In base 16, what is 4 + -3b?
-37
In base 14, what is -3 + 72?
6d
In base 15, what is -1 + -6a?
-6b
In base 11, what is -4 + -24?
-28
In base 10, what is 5 - 2151?
-2146
In base 8, what is 1121 - 0?
1121
In base 10, what is 37 + -187?
-150
In base 4, what is -10312 - 113?
-11031
In base 7, what is 2 + 1641?
1643
In base 7, what is -606 + -2?
-611
In base 2, what is 0 - 10100?
-10100
In base 16, what is -182 + -12?
-194
In base 8, what is 214 + -11?
203
In base 11, what is 5 - -a58?
a62
In base 12, what is 1 + -33?
-32
In base 9, what is -1368 + 5?
-1363
In base 11, what is 4 - -2976?
297a
In base 13, what is 21 - -257?
278
In base 14, what is 5 - 5b?
-56
In base 5, what is 2 - -3044?
3101
In base 7, what is 11 - 51?
-40
In base 15, what is 46 - -74?
ba
In base 12, what is 2a - 7?
23
In base 5, what is 1420 - 3?
1412
In base 4, what is 1122200 - 11?
1122123
In base 9, what is 5 + 73?
78
In base 5, what is -230 + -12?
-242
In base 2, what is -100 + 101101?
101001
In base 8, what is -1745 + -2?
-1747
In base 8, what is -15771 - 1?
-15772
In base 5, what is -43 + 2422?
2324
In base 16, what is -2 - 61?
-63
In base 11, what is -139 - -28?
-111
In base 15, what is 12 + 147?
159
In base 8, what is 3 + 64?
67
In base 3, what is 122020 + 0?
122020
In base 3, what is -201201 - -1?
-201200
In base 7, what is 62 - 42?
20
In base 13, what is 39 - 2c?
a
In base 2, what is -1101 - -10100010?
10010101
In base 6, what is 101 - 5?
52
In base 9, what is -204 + -7?
-212
In base 14, what is -1c - 15?
-33
In base 14, what is 24 + -333?
-30d
In base 3, what is -1 + 10?
2
In base 5, what is -4 - -14422?
14413
In base 5, what is -11000 + 1?
-10444
In base 16, what is -2 + -d1?
-d3
In base 8, what is -13 + 7?
-4
In base 6, what is -421 - 103?
-524
In base 9, what is 5 + 63?
68
In base 13, what is b23 + 9?
b2c
In base 4, what is 10202 + 10?
10212
In base 12, what is -37 + -1?
-38
In base 12, what is -3 + 44?
41
In base 7, what is 14661 - 3?
14655
In base 15, what is -7 + -4?
-b
In base 4, what is 10 - -122?
132
In base 3, what is 120222 + 12?
121011
In base 10, what is 269 - 10?
259
In base 16, what is 2 + 253?
255
In base 10, what is -4 - 94?
-98
In base 12, what is -a18 - 11?
-a29
In base 5, what is 2 + 1220?
1222
In base 11, what is -13 - 2?
-15
In base 9, what is -16 + 3?
-13
In base 6, what is -3242 + 1?
-3241
In base 2, what is 0 - -1110?
1110
In base 2, what is 1001001001 - -1010?
1001010011
In base 12, what is -4 - 37?
-3b
In base 14, what is 7 + d?
16
In base 5, what is -40312 - -4?
-40303
In base 10, what is -11 - -28?
17
In base 16, what is 250 - -d?
25d
In base 2, what is -110 + -100100?
-101010
In base 7, what is 24 - -1610?
1634
In base 13, what is -4 - -38b?
387
In base 16, what is 11a + -12?
108
In base 11, what is -3 + -3924?
-3927
In base 16, what is -b + -19?
-24
In base 5, what is 431 - 4?
422
In base 6, what is -325 + 12?
-313
In base 16, what is 4 + -238?
-234
In base 15, what is 1e9 - 24?
1c5
In base 15, what is 2 + -25?
-23
In base 13, what is 5 + 7c?
84
In base 3, what is -11010 - -10?
-11000
In base 7, what is -400 - -53?
-314
In base 15, what is -23 - 3?
-26
In base 10, what is -24848 - -2?
-24846
In base 16, what is 239 - 1?
238
In base 9, what is -6004 - 4?
-6008
In base 6, what is -13410 - 3?
-13413
In base 16, what is -2 + -50?
-52
In base 3, what is -221220 - -11?
-221202
In base 2, what is -1001 - -10?
-111
In base 16, what is -2 + 1d?
1b
In base 2, what is -10101111 - -10?
-10101101
In base 5, what is 2 - 32403?
-32401
In base 10, what is -14 + -44?
-58
In base 13, what is -3 - -24?
21
In base 11, what is -20 + 89?
69
In base 3, what is 1121010 - -2?
1121012
In base 11, what is 2 + 76?
78
In base 7, what is 10 - -33?
43
In base 10, what is -354 - 3?
-357
In base 14, what is -8 - -9?
1
In base 15, what is 2 + -1d3?
-1d1
In base 7, what is 4 - -20111?
20115
In base 3, what is -110221 - 11?
-111002
In base 5, what is -10043 + -3?
-10101
In base 15, what is 419 + 5?
41e
In base 7, what is 1 + 112?
113
In base 5, what is 100 + -2?
43
In base 2, what is 101 + -111110100?
-111101111
In base 15, what is -cc - 5?
-d2
In base 11, what is -4 + -1276?
-127a
In base 4, what is -12 + -2?
-20
In base 14, what is 1 + -75?
-74
In base 2, what is 11 + -110100010?
-110011111
In base 14, what is -c5 - -4?
-c1
In base 3, what is -210 - 11?
-221
In base 2, what is 10101010101 + 11?
10101011000
In base 7, what is 5 + 1263?
1301
In base 4, what is 3201 - 1112?
2023
In base 8, what is 152 + 2?
154
In base 8, what is -4 - -2072?
2066
In base 13, what is -c - -1c9?
1ba
In base 4, what is 1333 - -11?
2010
In base 5, what is -213 + -3?
-221
In base 10, what is -2 - 21?
-23
In base 14, what is -1b1 + 20?
-191
In base 6, what is 21542 - 2?
21540
In base 14, what is -3c + 17?
-25
In base 12, what is 2 + 4?
6
In base 11, what is 1 - 340?
-33a
In base 13, what is -c - 59?
-68
In base 2, what is -1000 + 1001?
1
In base 5, what is -3 - 1012?
-1020
In base 8, what is 13 - 146?
-133
In base 2, what is 1 + 110010?
110011
In base 16, what is 8 - -10?
18
In base 2, what is -111 - 1011001?
-1100000
In base 12, what is 1b2 - -24?
216
In base 4, what is 0 - -20330?
20330
In base 13, what is 3 + 3b6?
3b9
In base 8, what is -200 + 433?
233
In base 2, what is 1000110 - -101?
1001011
In base 7, what is -50 - 212?
-262
In base 2, what is -111101011 + 0?
-111101011
In base 4, what is -1333 + 10?
-1323
In base 8, what is 0 - -314?
314
In base 13, what is -1b1 + 0?
-1b1
In base 16, what is -4a2e - 4?
-4a32
In base 7, what is 11 + -2?
6
In base 12, what is 5 - -18?
21
In base 2, what is -11100 - -1010?
-10010
In base 13, what is -657 + -4?
-65b
In base 16, what is 1ad + -7?
1a6
In base 13, what is -1 + -44?
-45
In base 13, what is 6 - 10?
-7
In base 12, what is 3aa5 + -5?
3aa0
In base 6, what is -5041 + -4?
-5045
In base 9, what is 10 + -457?
-447
In base 13, what is -10 - -148?
138
In base 12, what is 8 + -29?
-21
In base 15, what is 5 - -911?
916
In base 16, what is -f84 - 4?
-f88
In base 8, what is -4 + -135?
-141
In base 4, what is 3 - -32?
101
In base 7, what is -243 + 3?
-240
In base 2, what is 0 + -1111?
-1111
In base 5, what is 22 - -422?
444
In base 4, what is -232001 - 1?
-232002
In base 10, what is -5 - 909?
-914
In base 8, what is -5 + 60?
53
In base 11, what is 250 - -1?
251
In base 10, what is 487 - -4?
491
In base 9, what is 208 + -8?
200
In base 12, what is -22 - b1?
-113
In base 12, what is -27 - -39?
12
In base 8, what is 2 - -5?
7
In base 4, what is 300010 + 1